*k + d. Suppose 0 = -g, 2*g = 5*z - k - 503. Suppose -i + 0*i = -22. Calculate the greatest common factor of z and i.
22
Let s be (-78)/5*(-10)/60*75. Calculate the highest common divisor of s and 156.
39
Let h(c) = c**3 + 15*c**2 - 24*c - 38. Let x be h(-9). What is the greatest common factor of 83 and x?
83
Suppose -i = -2, -5*w + 2*i = 3*i - 82. Suppose -52 = -4*b + 44. Calculate the greatest common divisor of b and w.
8
Suppose 3*o - 3*t = 36, 0 = 2*o + 4*t - 15 + 3. Let m be (2 + -5)*(-8)/6. Calculate the greatest common factor of m and o.
2
Suppose 2*r - 14 = -4*v - 0, 5*r = -5. Let c be ((-15)/12)/(v/(-384)). What is the greatest common factor of 24 and c?
24
Let x be 4/(-2) + (-2 - -9). Suppose p + x = -5. Let c = p - -15. Calculate the highest common divisor of 45 and c.
5
Let i be 3/1 + 0/(-1). Suppose 5*j + 28 = 3*w, 32 = -w - 4*j + 30. What is the highest common factor of i and w?
3
Let g be (-352)/36 + 4/(-18). Let l be ((-24)/(-10))/((-4)/g). Let r = 45 + -21. What is the greatest common divisor of r and l?
6
Let a = 61 + -56. Suppose -17 = a*w + 3, -2*w = 3*b - 52. Calculate the greatest common factor of 5 and b.
5
Suppose -c - 3032 = 3*c. Let z = c - -1362. Suppose -o - 5*b = -172, -4*o + b = -0*o - z. Calculate the highest common divisor of 19 and o.
19
Suppose -4*f + 40 = f. Let w = 38 - -2. What is the highest common factor of f and w?
8
Suppose 6*i = 2*h + i - 410, 0 = 5*h - 5*i - 1010. Calculate the highest common factor of 50 and h.
50
Let u be (-11)/(-3)*(-60 + 3)*-2. Calculate the highest common factor of u and 38.
38
Let s be (3/2 - -4)*-8. Let r = 47 + s. What is the highest common divisor of r and 15?
3
Suppose -2*d - 156 = -6*d. Let p(h) = h - 8. Let a be p(8). Suppose -2*y - 67 = -5*c - a*c, -55 = -4*c + 3*y. What is the greatest common divisor of d and c?
13
Let d = 51 + -67. Let f be (d/24)/(28/15 - 2). Calculate the greatest common divisor of f and 5.
5
Let p(s) = s**3 - 8*s**2 - 17*s + 30. Let d be p(10). Suppose 5*r - d = -r. Calculate the highest common divisor of r and 90.
10
Let w be 406/4 - (-2)/4. Let n = -54 + w. Let v(u) = 126*u + 6. Let g be v(0). What is the greatest common divisor of n and g?
6
Suppose -2*l + 4*s = -3*l - 24, -3*l + 2*s - 2 = 0. Let t(g) = -6*g + 20. Let r be t(l). Calculate the greatest common divisor of 33 and r.
11
Suppose 4*p - 2*p = -6. Let h be 3 - (-40 - 4) - p. What is the highest common factor of 125 and h?
25
Let h = -694 + 700. What is the highest common factor of 6 and h?
6
Suppose -2*g + 15 = 5. Suppose -104 = -g*v + 3*v + 4*k, -2*v + 108 = -5*k. Suppose 130 = 5*s + 20. What is the highest common factor of s and v?
22
Suppose -4*b = -8*b - 12, 3*b - 150 = -w. Suppose -5*r = -10, -8*n + 3*r = -3*n - w. What is the highest common factor of 11 and n?
11
Let k = -377 - -382. Let g be (-1)/(-7) + 488/14. Calculate the greatest common divisor of k and g.
5
Suppose 6 = 5*i + 4*d, 0 = 3*i - 4*i - 5*d - 3. Let h(c) = 23 + 11*c - 12*c - 12. Let p be h(10). Calculate the highest common divisor of p and i.
1
Suppose 204 = -4*z + 20. Suppose -2*c + 5*c = 348. Let h = c + z. Calculate the greatest common divisor of 28 and h.
14
Let d(a) = -a**3 + 6*a**2 - 5*a + 3. Let v be d(5). Suppose -5*l - 15 = 0, 5 - 20 = -3*t + v*l. Let p = 2 + t. What is the greatest common factor of 16 and p?
4
Suppose -5*n - a = -263, 4*n - 5*a - 38 = 155. Calculate the highest common factor of n and 4.
4
Let u be 1/5*1 + 5312/40. Let o = 32 - 13. Calculate the greatest common divisor of o and u.
19
Let m be -6*(-4)/(-8) + 0. Let r = 15 + m. Let z(w) = -w**3 + 13*w**2 - 12*w + 3. Let u be z(r). What is the greatest common divisor of 2 and u?
1
Let i be ((-21)/(-14))/(12/560). What is the highest common divisor of i and 80?
10
Let n = 1340 + -1172. Calculate the greatest common divisor of n and 63.
21
Let p be 60/14 + (-6)/21. Suppose -2*l + 5 = h, -p*h = 3*l - 5*l - 10. Calculate the greatest common divisor of 6 and h.
3
Suppose -7*h - 55116 = -h. Let x be (-6)/51 - h/51. Calculate the greatest common factor of x and 20.
20
Let t = -699 - -3169. Calculate the highest common divisor of 95 and t.
95
Let v(h) = 6*h + 464. Let p be v(0). Calculate the greatest common factor of 16 and p.
16
Let n = 49 - 79. Let l be ((-72)/(-20))/((-2)/n). Suppose -p = -3*p + l. What is the greatest common divisor of p and 9?
9
Let u(r) = r**2 + 17*r - 87. Let y be u(-26). What is the greatest common factor of y and 21?
21
Let y = 88 + -109. Let t be (-5 + y)/((-2)/11). Calculate the highest common divisor of t and 13.
13
Let d(y) = 11*y**2 + 2*y + 4. Let q be d(6). Let z be q/8 + 1/2. Suppose 0*w - w = 3*k - 45, -4*k = -w + z. Calculate the greatest common divisor of 6 and w.
6
Suppose 3*p - 5 = -2*p. Let a(h) = 46*h**2 - 2206*h - 69. Let w be a(48). Calculate the highest common factor of w and p.
1
Suppose 3*q - 10 = -5*i, -3*i - 2*i + 10 = -3*q. Let l(g) = -2*g**2 - 21*g - 44. Let v be l(-6). What is the highest common divisor of i and v?
2
Suppose 10 = 3*i - 14. Calculate the greatest common factor of 28 and i.
4
Let q = -608 + 615. Suppose -5*p + 207 + 73 = 0. Calculate the greatest common divisor of q and p.
7
Let g = 54 + -31. Let h = g - 15. What is the highest common factor of 8 and h?
8
Let z = 23 - 27. Let n be 97 - -3 - (z - 0). Suppose -o - 4*u = 4*o - 124, 3*o - n = 5*u. What is the highest common divisor of o and 308?
28
Suppose 5*f - 908 = l - 5*l, 5*f + 2*l = 914. Calculate the greatest common factor of 8 and f.
8
Suppose 0 = -22*l - 16*l + 3990. What is the highest common factor of 255 and l?
15
Let y(c) = 9*c. Let g be y(4). Let h = -16 + 70. Calculate the greatest common divisor of g and h.
18
Let g = -1372 + 3440. Calculate the greatest common factor of 88 and g.
44
Let i(y) = y + 5. Let g be i(6). Let d = -103 + 103. Suppose -5*m + 4*q + 5 = d, q = 3*m - 0*q - 3. Calculate the highest common divisor of g and m.
1
Let u(h) be the first derivative of h**3/3 + 7*h**2/2 + 8*h - 3. Let p be u(-7). Let s = 367 + -335. Calculate the highest common factor of p and s.
8
Suppose 5*i = -10, 0*w - 289 = 3*w + 2*i. Let a = w + 103. Calculate the greatest common factor of 24 and a.
8
Let q(u) = -15*u - 52. Let f be q(-4). Suppose 0 = -4*v + 2*g + 86, 3*g + 1 - 136 = -5*v. What is the greatest common divisor of v and f?
8
Let x = -154 + 226. Suppose -x = -t - 2*t. Suppose -5*o - 5*k = -55, -5*o - 2*k - k = -49. What is the greatest common divisor of o and t?
8
Suppose -4*u + 1220 = 2*w, 5*w - 3038 = -20*u + 22*u. Calculate the highest common factor of 19 and w.
19
Suppose -q = 12*c - 9*c, -5*q + 80 = -c. What is the greatest common divisor of 15 and q?
15
Suppose 9*g + 4*q = 12*g - 536, 4*q - 4 = 0. Calculate the highest common divisor of 300 and g.
60
Let a = -141 + 62. Let q = -69 - a. Calculate the highest common factor of 1 and q.
1
Let m be 36/20 - 1/(-5). Suppose m*y = -4*r + 38, -3*y + 45 = -r - 19. Let b be (-75)/(-6) + 3/2. What is the highest common divisor of y and b?
7
Let l(g) = -2*g**3 - 4*g**2 - 29*g - 87. Let o be l(-5). Calculate the highest common divisor of o and 64.
16
Suppose -15 = -2*n - 7. Suppose -9 = -4*h - 1. Suppose 5*u = 2*c - 745, n*c + u - 1555 = -h*u. What is the greatest common divisor of c and 35?
35
Let n be ((-8)/30)/2 + (-38565)/(-675). Calculate the greatest common factor of 19 and n.
19
Let a(p) = 53*p + 158. Let x be a(-2). What is the greatest common factor of 221 and x?
13
Suppose -743 = -8*m + 345. What is the greatest common factor of m and 51?
17
Let w be -2 + 10 + (3 - -1). Let d be w/(-1 + 2) - 3. Suppose -12*f + 78 = -d*f. What is the greatest common factor of 52 and f?
26
Let o be ((-288)/9 - -4)/(-2). Suppose -2*t - a + 60 = -2*a, -t + 32 = -a. Calculate the greatest common divisor of t and o.
14
Suppose -6138 = -2*u - 7*u. Calculate the greatest common divisor of 62 and u.
62
Let l(o) = -o**3 - 9*o**2 - 7*o + 4. Let i be l(-8). Let s(c) = -c**3 - 2*c**2 + 6*c + 4. Let d be s(i). Calculate the highest common factor of 4 and d.
4
Suppose -4*r = 8*r - 864. What is the highest common divisor of r and 12?
12
Let m(c) = 7*c**2. Let s(u) = 20*u**2. Let a(d) = -17*m(d) + 6*s(d). Let r be a(1). Let w be 28 + (r + 2)*-1. What is the highest common divisor of w and 10?
5
Suppose 0